on divisor of 912094500 and 258.
258
What is the highest common divisor of 586740 and 8008620?
7620
What is the highest common factor of 1073 and 5762793?
29
What is the greatest common factor of 8884672 and 59392?
1856
What is the highest common factor of 650 and 175487260?
130
What is the highest common factor of 19306 and 2158352?
98
What is the highest common divisor of 413210754 and 135?
27
What is the highest common divisor of 901 and 5324327?
53
What is the greatest common factor of 138430 and 148590?
1270
Calculate the greatest common factor of 106460458 and 418.
38
What is the highest common divisor of 24160 and 60480?
160
Calculate the highest common factor of 210797 and 1158968.
277
What is the highest common factor of 16 and 33855664?
16
What is the greatest common divisor of 4009 and 473575?
19
What is the greatest common factor of 3268 and 13257459?
817
What is the greatest common divisor of 162 and 2530692?
18
What is the highest common divisor of 39861 and 13486563?
387
What is the highest common divisor of 339 and 6051795?
3
Calculate the greatest common divisor of 5710 and 1615153440.
5710
What is the greatest common factor of 2790 and 13595980?
310
Calculate the greatest common factor of 781286 and 68442.
374
Calculate the highest common divisor of 10550277 and 108.
27
Calculate the highest common divisor of 351363 and 19203.
519
Calculate the greatest common factor of 741503502 and 194.
194
Calculate the greatest common divisor of 206207 and 7961.
19
Calculate the greatest common divisor of 22592820 and 240.
60
What is the greatest common divisor of 1373440 and 29870?
290
Calculate the greatest common divisor of 14584275 and 27.
9
Calculate the highest common divisor of 164 and 4411395.
41
Calculate the highest common divisor of 11470215 and 2001.
69
What is the greatest common factor of 15906374 and 592?
74
Calculate the highest common factor of 119 and 2558381.
119
Calculate the greatest common factor of 85 and 516799405.
85
Calculate the highest common divisor of 260 and 55665.
5
Calculate the greatest common divisor of 390773526 and 3303.
1101
Calculate the greatest common divisor of 358456000 and 70.
70
What is the highest common divisor of 320 and 264022560?
160
Calculate the highest common factor of 300 and 1848532.
4
Calculate the greatest common divisor of 44802 and 1562142.
114
What is the highest common divisor of 178854 and 53250?
6
Calculate the highest common divisor of 280070789 and 142.
71
What is the highest common factor of 25051992 and 12?
12
Calculate the greatest common divisor of 14745 and 41670.
15
What is the highest common divisor of 730320 and 33252?
204
What is the greatest common divisor of 7582 and 87416?
446
What is the greatest common divisor of 54300708 and 380?
76
Calculate the greatest common factor of 55680 and 1184096.
32
Calculate the greatest common factor of 685176593 and 548.
137
Calculate the highest common factor of 173866 and 352612667.
12419
What is the greatest common factor of 2073006495 and 11970?
5985
What is the greatest common factor of 762 and 419174676?
762
Calculate the greatest common divisor of 83259472 and 136.
136
What is the highest common factor of 2268435 and 2730?
195
What is the greatest common divisor of 37 and 22158819?
37
What is the highest common divisor of 53668292 and 782?
46
Calculate the greatest common factor of 2073717 and 3762.
171
Calculate the highest common divisor of 1494657 and 986.
17
Calculate the highest common factor of 35623256 and 6248.
568
What is the highest common factor of 129 and 7924263?
3
Calculate the greatest common divisor of 1967754 and 66994.
1558
What is the highest common factor of 267 and 1467254?
89
What is the greatest common divisor of 288 and 205776?
144
What is the greatest common factor of 5844 and 1555116?
12
Calculate the highest common divisor of 2912 and 25073321.
91
What is the highest common factor of 10062 and 5868?
18
What is the greatest common factor of 1 and 3364369?
1
Calculate the greatest common divisor of 3008 and 289285.
47
What is the highest common factor of 3500037 and 9?
9
What is the highest common factor of 1140235 and 65?
5
What is the greatest common factor of 200728 and 10967?
11
What is the greatest common divisor of 155349560 and 2895?
965
What is the greatest common factor of 2325 and 9755?
5
What is the greatest common factor of 12914162 and 442686?
1658
What is the greatest common factor of 2113033 and 575?
23
What is the greatest common factor of 60860875 and 5750?
2875
Calculate the greatest common factor of 5102926 and 10586.
158
What is the highest common factor of 147 and 28285397?
49
Calculate the greatest common divisor of 49632 and 5071.
11
What is the greatest common divisor of 308130880 and 1760?
160
Calculate the highest common factor of 6197 and 113894663.
6197
What is the greatest common factor of 3220328 and 672?
8
Calculate the greatest common factor of 1003076192 and 64.
32
What is the highest common divisor of 1714384 and 238?
14
Calculate the highest common divisor of 6551985 and 165.
165
What is the greatest common factor of 4176 and 13586529?
87
Calculate the greatest common factor of 32835 and 175065.
165
Calculate the highest common divisor of 41755 and 42875.
35
What is the greatest common divisor of 13230690 and 330?
330
What is the greatest common divisor of 3109636 and 34349?
701
What is the greatest common factor of 19134 and 104526?
18
Calculate the highest common divisor of 126807 and 14565111.
2949
Calculate the greatest common factor of 1493431 and 2007.
223
What is the highest common divisor of 75872024 and 104?
8
What is the greatest common factor of 13302510 and 1130046?
8898
Calculate the greatest common divisor of 543 and 6511656.
543
Calculate the highest common divisor of 39522160 and 160.
80
What is the highest common divisor of 1586828804 and 2948?
2948
Calculate the greatest common factor of 99958 and 118494114.
2438
What is the highest common divisor of 7158 and 73428?
6
What is the greatest common factor of 308408 and 627?
19
Calculate the highest common factor of 11388 and 368139.
219
What is the greatest common divisor of 108 and 7533630?
18
Calculate the greatest common divisor of 100138401 and 5115.
1023
Calculate the greatest common divisor of 5106 and 1161546.
138
Calculate the greatest common divisor of 6 and 220468.
2
What is the highest common factor of 124453036 and 1195?
239
Calculate the greatest common divisor of 181 and 19849003.
181
What is the greatest common factor of 1123 and 260502310?
1123
Calculate the highest common divisor of 654072068 and 598.
598
Calculate the highest common factor of 5676 and 69531.
1419
What is the highest common divisor of 5075 and 21102865?
1015
Calculate the greatest common factor of 1755336 and 4360.
872
What is the greatest common divisor of 20573 and 12425?
7
What is the highest common factor of 468 and 32386848?
156
What is the greatest common factor of 1121 and 1254871?
59
Calculate the highest common divisor of 793 and 4565972.
61
What is the greatest common factor of 14 and 276721?
1
Calculate the greatest common factor of 2115 and 775923.
141
What is the greatest common divisor of 32495648 and 752?
16
What is the greatest common factor of 333 and 176594673?
111
What is the highest common divisor of 19 and 247900448?
19
What is the highest common divisor of 2778429 and 106917?
471
Calculate the highest common divisor of 134606 and 11770.
214
Calculate the greatest common factor of 926319 and 228.
3
Calculate the greatest common divisor of 993165 and 120.
15
Calculate the greatest common factor of 2201283 and 1653.
57
Calculate the highest common factor of 5282466 and 58.
58
Calculate the greatest common divisor of 1397 and 2951861.
1397
What is the highest common divisor of 160 and 42522320?
80
What is the highest common divisor of 23374 and 2487316?
806
Calculate the greatest common factor of 1164 and 196902822.
582
Calculate the greatest common factor of 270 and 898567740.
90
What is the greatest common divisor of 70 and 1764518?
14
What is the highest common factor of 49918084 and 3208?
1604
What is the greatest common divisor of 160028 and 4312?
44
Calculate the highest common factor of